{"id":11015,"date":"2026-09-01T15:19:34","date_gmt":"2026-09-01T15:19:34","guid":{"rendered":"https:\/\/www.aepmos.pt\/?page_id=11015"},"modified":"2026-09-01T15:32:04","modified_gmt":"2026-09-01T15:32:04","slug":"calendario-epoca-extraordinaria-2026","status":"publish","type":"page","link":"https:\/\/www.aepmos.pt\/index.php\/calendario-epoca-extraordinaria-2026\/","title":{"rendered":"Calend\u00e1rio \u2013 \u00c9poca Extraordin\u00e1ria de Setembro"},"content":{"rendered":"\n<p class=\"wp-block-paragraph\"><\/p>\n\n\n\n<div data-wp-interactive=\"core\/file\" class=\"wp-block-file\"><object data-wp-bind--hidden=\"!state.hasPdfPreview\" hidden class=\"wp-block-file__embed\" data=\"https:\/\/www.aepmos.pt\/wp-content\/uploads\/2026\/09\/calendario-Provas-e-Exames-3a-fase_2026.pdf\" type=\"application\/pdf\" style=\"width:100%;height:600px\" aria-label=\"Incorpora\u00e7\u00e3o de calend\u00e1rio Provas e Exames 3\u00aa fase_2026.\"><\/object><a id=\"wp-block-file--media-208ad0b6-0b67-49c1-aab2-1b3c89ed6fa6\" href=\"https:\/\/www.aepmos.pt\/wp-content\/uploads\/2026\/09\/calendario-Provas-e-Exames-3a-fase_2026.pdf\">calend\u00e1rio Provas e Exames 3\u00aa fase_2026<\/a><a href=\"https:\/\/www.aepmos.pt\/wp-content\/uploads\/2026\/09\/calendario-Provas-e-Exames-3a-fase_2026.pdf\" class=\"wp-block-file__button wp-element-button\" download aria-describedby=\"wp-block-file--media-208ad0b6-0b67-49c1-aab2-1b3c89ed6fa6\">Descarregar<\/a><\/div>\n","protected":false},"excerpt":{"rendered":"","protected":false},"author":1,"featured_media":0,"parent":0,"menu_order":0,"comment_status":"closed","ping_status":"closed","template":"","meta":{"_editorskit_title_hidden":false,"_editorskit_reading_time":0,"_editorskit_is_block_options_detached":false,"_editorskit_block_options_position":"{}","content-type":"","_mo_disable_npp":"","footnotes":""},"class_list":["post-11015","page","type-page","status-publish","hentry","without-featured-image"],"_links":{"self":[{"href":"https:\/\/www.aepmos.pt\/index.php\/wp-json\/wp\/v2\/pages\/11015","targetHints":{"allow":["GET"]}}],"collection":[{"href":"https:\/\/www.aepmos.pt\/index.php\/wp-json\/wp\/v2\/pages"}],"about":[{"href":"https:\/\/www.aepmos.pt\/index.php\/wp-json\/wp\/v2\/types\/page"}],"author":[{"embeddable":true,"href":"https:\/\/www.aepmos.pt\/index.php\/wp-json\/wp\/v2\/users\/1"}],"replies":[{"embeddable":true,"href":"https:\/\/www.aepmos.pt\/index.php\/wp-json\/wp\/v2\/comments?post=11015"}],"version-history":[{"count":4,"href":"https:\/\/www.aepmos.pt\/index.php\/wp-json\/wp\/v2\/pages\/11015\/revisions"}],"predecessor-version":[{"id":11023,"href":"https:\/\/www.aepmos.pt\/index.php\/wp-json\/wp\/v2\/pages\/11015\/revisions\/11023"}],"wp:attachment":[{"href":"https:\/\/www.aepmos.pt\/index.php\/wp-json\/wp\/v2\/media?parent=11015"}],"curies":[{"name":"wp","href":"https:\/\/api.w.org\/{rel}","templated":true}]}}

Calendário – Época Extraordinária de Setembro

<p class="wp-block-paragraph"></p>



<div data-wp-interactive="core/file" class="wp-block-file"><object data-wp-bind--hidden="!state.hasPdfPreview" hidden class="wp-block-file__embed" data="https://www.aepmos.pt/wp-content/uploads/2026/09/calendario-Provas-e-Exames-3a-fase_2026.pdf" type="application/pdf" style="width:100%;height:600px" aria-label="Incorporação de calendário Provas e Exames 3ª fase_2026."></object><a id="wp-block-file--media-208ad0b6-0b67-49c1-aab2-1b3c89ed6fa6" href="https://www.aepmos.pt/wp-content/uploads/2026/09/calendario-Provas-e-Exames-3a-fase_2026.pdf">calendário Provas e Exames 3ª fase_2026</a><a href="https://www.aepmos.pt/wp-content/uploads/2026/09/calendario-Provas-e-Exames-3a-fase_2026.pdf" class="wp-block-file__button wp-element-button" download aria-describedby="wp-block-file--media-208ad0b6-0b67-49c1-aab2-1b3c89ed6fa6">Descarregar</a></div>
